 base 16, what is -3 + 22?
1f
In base 5, what is 10 + -1321?
-1311
In base 10, what is -1 - -4261?
4260
In base 9, what is 883 + 21?
1014
In base 12, what is -487 + 0?
-487
In base 6, what is 30445 - -2?
30451
In base 15, what is 6 + -7?
-1
In base 16, what is 2 - 13?
-11
In base 16, what is -e2 - c?
-ee
In base 9, what is 302 - -5?
307
In base 3, what is -1102 + 22202?
21100
In base 10, what is -10303 + -3?
-10306
In base 3, what is 1 + -20020?
-20012
In base 11, what is -4 + 65?
61
In base 10, what is 3 + -409?
-406
In base 15, what is 9e3a - -2?
9e3c
In base 4, what is 13131 - 1?
13130
In base 2, what is 11001000100 - -101?
11001001001
In base 4, what is -3 + -303?
-312
In base 13, what is c - -5?
14
In base 11, what is -1 - 294?
-295
In base 13, what is -20 + 312?
2c2
In base 2, what is 100 - 1100110?
-1100010
In base 16, what is -59 - 7?
-60
In base 12, what is -b17 - -2?
-b15
In base 8, what is 0 + 107?
107
In base 10, what is 2 + -42?
-40
In base 3, what is 111020 - 12?
111001
In base 6, what is 13 + -3?
10
In base 16, what is -1b4 + 10?
-1a4
In base 10, what is -306 - -7?
-299
In base 3, what is -101 + -122?
-1000
In base 3, what is -1101120 + -10?
-1101200
In base 9, what is -45 - -642?
586
In base 16, what is 3 - 56?
-53
In base 12, what is 4 + 1a?
22
In base 16, what is 5 - -17?
1c
In base 7, what is -326 + -4?
-333
In base 9, what is 134 - -4?
138
In base 5, what is 1 + 1330?
1331
In base 16, what is 1074b - -5?
10750
In base 13, what is 84 + -5?
7c
In base 9, what is -825 - -3?
-822
In base 10, what is 1435 + 2?
1437
In base 14, what is 38 - 29?
d
In base 12, what is -1 - -559?
558
In base 7, what is -31 + 21?
-10
In base 9, what is -5 - -2553?
2547
In base 15, what is -1 - -8?
7
In base 13, what is -2 + -22?
-24
In base 13, what is -2a0 + -3?
-2a3
In base 12, what is 206 - 5?
201
In base 5, what is 142 + 210?
402
In base 3, what is 1002120 - 21?
1002022
In base 6, what is -511 + 5?
-502
In base 3, what is -11 - -10012?
10001
In base 7, what is 1 - -2136?
2140
In base 15, what is 1ca4 - 0?
1ca4
In base 4, what is 111 + -1?
110
In base 15, what is 5a8 - -5?
5ad
In base 6, what is 521 - -5?
530
In base 16, what is -413 - -4?
-40f
In base 16, what is -5 + -3d?
-42
In base 11, what is 5 - 35?
-30
In base 2, what is -10100011 + 11?
-10100000
In base 10, what is -73 + 186?
113
In base 14, what is -15 + 22?
b
In base 14, what is -328 + 2?
-326
In base 10, what is 3743 + -1?
3742
In base 12, what is 42 + 4?
46
In base 7, what is 53 + 10?
63
In base 11, what is -5 + 111a?
1115
In base 9, what is 1288 - 5?
1283
In base 6, what is 142 + -1?
141
In base 14, what is 0 - a?
-a
In base 4, what is -2001 + 0?
-2001
In base 8, what is 6 + 1030?
1036
In base 4, what is 133 + 10?
203
In base 6, what is -112 + 50?
-22
In base 8, what is 34 + 217?
253
In base 12, what is -1 + -25?
-26
In base 5, what is -102 - -4020?
3413
In base 6, what is -3 - 512?
-515
In base 10, what is -48 + -5?
-53
In base 12, what is 3 + 48?
4b
In base 16, what is 2b - 12?
19
In base 7, what is 2 + -206?
-204
In base 13, what is -7 + 5?
-2
In base 4, what is 0 + -11021?
-11021
In base 6, what is -2202 + -3?
-2205
In base 8, what is -13 + -212?
-225
In base 10, what is 467 + -2?
465
In base 15, what is -8 + -39?
-42
In base 7, what is 10 - 161?
-151
In base 5, what is -2 - -323?
321
In base 3, what is 102 - 11202?
-11100
In base 7, what is 10 + 646?
656
In base 15, what is 71 + 9?
7a
In base 9, what is 5 + 11?
16
In base 14, what is 3 - 583?
-580
In base 2, what is 100 - -11000011?
11000111
In base 12, what is -164 - 0?
-164
In base 14, what is -1 - 233?
-234
In base 2, what is 11 + -10001000?
-10000101
In base 8, what is 4 - -51?
55
In base 11, what is 7658 + 5?
7662
In base 3, what is -12 - 1111112?
-1111201
In base 4, what is 300 - 31?
203
In base 16, what is 4 + -3f?
-3b
In base 14, what is 5 - 50?
-49
In base 8, what is -5 - 1732?
-1737
In base 8, what is -3 + 25?
22
In base 10, what is 2 - 2?
0
In base 8, what is 3 - 33?
-30
In base 11, what is 12 - -235?
247
In base 5, what is 3 - 34?
-31
In base 2, what is 11110001 - -11?
11110100
In base 11, what is 22 + -43?
-21
In base 2, what is 100 + 110?
1010
In base 5, what is -121311 - 4?
-121320
In base 4, what is 1033 - -22?
1121
In base 6, what is 3 - -53?
100
In base 14, what is 6 + 7?
d
In base 5, what is 2300 + 133?
2433
In base 10, what is 19 - -4?
23
In base 4, what is -203 - -10?
-133
In base 12, what is 2620 + -9?
2613
In base 3, what is -201021 - -10?
-201011
In base 14, what is 2 - -254?
256
In base 8, what is -501 - -5?
-474
In base 2, what is -11010 + -1011?
-100101
In base 14, what is -b - 369?
-376
In base 10, what is 2 - 621?
-619
In base 7, what is 23102 - 0?
23102
In base 16, what is 2a + -1?
29
In base 9, what is -364 + -1?
-365
In base 9, what is -8 - 4?
-13
In base 3, what is 1110102 - 0?
1110102
In base 16, what is -2 - 55?
-57
In base 6, what is 2 - -2443?
2445
In base 9, what is 2 - 2311?
-2308
In base 12, what is 452 - -4?
456
In base 13, what is -1a2 + -5?
-1a7
In base 8, what is -3 - 13?
-16
In base 16, what is -194 - -2?
-192
In base 4, what is -10 + 2131?
2121
In base 6, what is -11 + 102?
51
In base 13, what is -158 + 2?
-156
In base 15, what is -252 - -3?
-24e
In base 10, what is -28 - 2?
-30
In base 13, what is -1a93 - 2?
-1a95
In base 9, what is 2783 - -5?
2788
In base 13, what is 4 - 332?
-32b
In base 4, what is 1 + -23031?
-23030
In base 15, what is d4 + -2?
d2
In base 13, what is 5 - -117?
11c
In base 4, what is -102321 + -3?
-102330
In base 12, what is 7 - 110?
-105
In base 4, what is -12 + 102?
30
In base 2, what is -10011111 - 10?
-10100001
In base 12, what is 36 + -2?
34
In base 7, what is -13436 + 3?
-13433
In base 11, what is -69 - -21?
-48
In base 10, what is 4 - 150?
-146
In base 15, what is -27 - -2a?
3
In base 6, what is -215 + 2?
-213
In base 14, what is c5 + -15?
b0
In base 4, what is -10301 - 110?
-11011
In base 10, what is 14 + -193?
-179
In base 6, what is -1524 - -5?
-1515
In base 10, what is -2 - -275?
273
In base 13, what is 5ca + -4?
5c6
In base 8, what is -14 - -11?
-3
In base 14, what is -a - db?
-107
In base 3, what is -1122220 - -12?
-1122201
In base 5, what is 1400 - 0?
1400
In base 9, what is -4 - 171?
-175
In base 9, what is 311 - -4?
315
In base 8, what is 5 + -1115?
-1110
In base 7, what is 5 + -16?
-11
In base 10, what is 353 - -16?
369
In base 10, what is 7 - 31?
-24
In base 12, what is 2194 + 1?
2195
In base 9, what is 3 - 33?
-30
In base 10, what is -6 - -3062?
3056
In base 6, what is -2105 - -4?
-2101
In base 9, what is -308 + -5?
-314
In base 15, what is -137 - 4?
-13b
In base 6, what is 0 + -21115?
-21115
In base 16, what is e1d - -3?
e20
In base 12, what is -4 - 1a?
-22
In base 12, what is 3 + ba8?
bab
In base 13, what is 3 - -a0?
a3
In base 13, what is c - 0?
c
In base 16, what is -3 + -75?
-78
In base 16, what is -1 - fe?
-ff
In base 2, what is -101011 + 100?
-100111
In base 3, what is -222 + -1021?
-2020
In base 4, what is -32 + 210011?
203313
In base 14, what is -3 + -121?
-124
In base 15, what is -9 + 23?
19
In base 15, what is 3a3d - -1?
3a3e
In base 9, what is 101 - -44?
145
In base 6, what is 1045 + 0?
1045
In base 16, what is 8e9 + 0?
8e9
In base 6, what is 110 - -2?
112
In base 14, what is -1 - b?
-c
In base 16, what is 7 + 19?
20
In base 16, what is -5 - 2ba?
-2bf
In base 12, what is -177 - -5?
-172
In base 16, what is -11 - -16e?
15d
In base 6, what is 2 + -5?
-3
In base 8, what is 20 - -21?
41
In base 2, what is 1000111 - -100?
1001011
In base 7, what is -5 - 326?
-334
In base 9, what is 4 + 2125?
2130
In base 15, what is -1 - -75?
74
In base 16, what is -15 - 2?
-17
In base 5, what is -20 + -103?
-123
In base 11, what is 0 - -2255?
2255
In base 6, what is -10 + -14421?
-14431
In base 7, what is 156 + 5?
164
In base 12, what is -22 - 316?
-338
In base 11, what is 977 - -1?
978
In base 8, what is 6 - 41?
-33
In base 16, what is 78 + -5?
73
In base 9, what is -78 + 104?
15
In base 7, what is -10045 - -5?
-10040
In base 9, what is -3 - 10?
-13
In base 4, what is 2110220 + -11?
2110203
In base 15, what is 22 - 4e?
-2c
In base 14, what is 187 - 2?
185
In base 4, what is 2 - -231?
233
In base 5, what is -1100 + 2?
-1043
In base 12, what is 2 - 7a